t a(i) = 333*i + 19979. What is a(-60)?
-1
Let g(n) = -3*n**2 - 33. Determine g(-8).
-225
Let t(n) = -n**3 - 5*n**2 - 48*n - 79. Calculate t(-2).
5
Let a(q) = -2*q**3 - 26*q**2 + 1. Determine a(-13).
1
Let b(c) = 341*c - 71949. What is b(211)?
2
Let x(g) = -47*g - 1275. Give x(-31).
182
Let k(i) = -1783*i - 87370. Determine k(-49).
-3
Let n(x) = -x**3 + 11*x**2 + 25*x + 27. Calculate n(13).
14
Let u(g) = 111*g - 865. Give u(7).
-88
Let g(i) = -597*i - 4193. Determine g(-7).
-14
Let z(u) = 24*u - 129. Determine z(15).
231
Let l(m) = -28326*m + 198291. Determine l(7).
9
Let w(j) = -12*j - 78. Give w(-6).
-6
Let i(a) = -269*a + 7259. What is i(27)?
-4
Let a(g) = 43*g + 645. Calculate a(-15).
0
Let d(h) = h**3 - 42*h**2 - 47*h + 141. What is d(43)?
-31
Let m(k) = k**3 + 34*k**2 + 288*k - 21. Determine m(-17).
-4
Let i(r) = 75*r - 14999. Calculate i(200).
1
Let z(h) = -222*h**2 + 157*h - 1. Determine z(1).
-66
Let n(h) = -h**3 - 25*h**2 + 100*h + 2513. Give n(-25).
13
Let n(p) = -p**2 - 46*p - 553. Calculate n(-48).
-649
Let d(w) = -w**3 + 35*w**2 - 95*w - 9. What is d(32)?
23
Let l(k) = -85*k + 362. Give l(4).
22
Let f(h) = -h**3 + 107*h**2 + 121*h - 1418. Calculate f(108).
-14
Let g(m) = m**2 + 63*m - 1354. Determine g(-80).
6
Let t(b) = -b**2 - 83*b + 124. Determine t(-82).
206
Let d(f) = -92*f + 389. Determine d(6).
-163
Let t(l) = 7*l**2 + 44*l - 119. What is t(3)?
76
Let z(q) = -4*q**3 - 2*q**2 + q + 1. What is z(-2)?
23
Let q(r) = -r**2 + 43*r - 400. What is q(14)?
6
Let k(v) = -v**3 - 42*v**2 + 44*v + 55. Determine k(-43).
12
Let n(u) = 35*u**2 + 280*u - 2. Give n(-8).
-2
Let i(n) = 3565*n + 49921. Determine i(-14).
11
Let m(u) = -70*u**2 + 352*u - 3. Calculate m(5).
7
Let l(c) = -6*c**3 - 54*c**2 + 5*c - 66. What is l(-9)?
-111
Let z(s) = 101*s - 871. What is z(8)?
-63
Let p(w) = w**3 + 199*w**2 - 50*w - 9956. Give p(-199).
-6
Let z(i) = -2*i**2 + 260*i + 2494. Determine z(139).
-8
Let l(m) = 13*m**2 - 28*m + 27. Calculate l(1).
12
Let b(z) = -1810*z + 1792. Calculate b(1).
-18
Let k(c) = 164*c**3 + c**2 - 2*c. Give k(1).
163
Let i(h) = -4*h**3 - 116*h**2 + 6*h + 98. Give i(-29).
-76
Let p(h) = -3*h**2 + 26*h + 336. Give p(15).
51
Let u(y) = -73*y + 376. Determine u(7).
-135
Let g(y) = -y**3 - 18*y**2 - 38*y - 35. What is g(-16)?
61
Let m(w) = 240*w - 1447. Determine m(6).
-7
Let c(z) = -z**2 - 8*z + 2801. Determine c(-57).
8
Let g(z) = -60*z + 5070. Determine g(84).
30
Let q(x) = -100*x + 85. What is q(1)?
-15
Let n(i) = 80*i - 1301. Calculate n(17).
59
Let b(n) = -2*n**2 - 16*n - 27. What is b(-6)?
-3
Let z(g) = g**3 - 27*g**2 - 38*g + 1661. Calculate z(26).
-3
Let a(j) = j**3 + 17*j**2 + 41*j + 123. Calculate a(-15).
-42
Let z(c) = -2*c**2 - 46*c - 204. Give z(-18).
-24
Let v(c) = 2*c**2 + 124*c + 679. What is v(-6)?
7
Let f(g) = -59*g - 1479. Calculate f(-24).
-63
Let q(w) = -259*w - 2079. Determine q(-8).
-7
Let a(n) = 5*n**2 + 114*n + 28. What is a(-22)?
-60
Let l(s) = -s**2 - 41*s - 473. Give l(-20).
-53
Let o(g) = -3*g**3 - 140*g**2 - 91*g + 26. What is o(-46)?
-20
Let k(h) = h**3 + 87*h**2 - 102*h - 1226. Give k(-88).
6
Let r(o) = -6*o**2 + 116*o - 28. Determine r(19).
10
Let n(g) = -14*g**2 - 6*g - 15. Determine n(-3).
-123
Let l(d) = -8*d + 34. Give l(-23).
218
Let y(z) = 4*z**2 - 6*z - 15. Give y(-6).
165
Let q(v) = -4*v - 46. Calculate q(-17).
22
Let w(t) = -2*t**2 + 109*t - 121. Give w(27).
1364
Let z(v) = 8*v**3 - 570*v**2 + 151*v - 637. Give z(71).
2
Let l(v) = 3*v**2 + 22*v + 8. Calculate l(-9).
53
Let p(y) = -12*y + 31. Give p(4).
-17
Let b(u) = u**2 - 443*u + 8464. Give b(20).
4
Let j(m) = m**2 - 662*m + 69979. Determine j(132).
19
Let h(c) = 176*c**2 + 532*c + 5. Determine h(-3).
-7
Let l(u) = -u**2 - 37*u - 108. Calculate l(-27).
162
Let y(h) = -32*h + 420. Give y(17).
-124
Let m(n) = -572*n + 240. What is m(1)?
-332
Let q(n) = -n**3 - 11*n**2 - 31*n - 130. What is q(-10)?
80
Let z(c) = -2*c**3 + 24*c**2 + 3*c - 7. Calculate z(13).
-306
Let i(q) = 85*q + 867. Calculate i(-10).
17
Let t(n) = n**2 - 227*n + 2775. Give t(214).
-7
Let q(c) = -4*c**2 + 13*c + 532. Determine q(-10).
2
Let m(l) = l**3 + 23*l**2 + 23*l + 28. Calculate m(-22).
6
Let g(h) = 46*h - 489. Determine g(11).
17
Let h(k) = 505*k + 6095. Determine h(-12).
35
Let a(h) = 4*h + 362. Calculate a(-54).
146
Let t(a) = -57*a + 401. Determine t(7).
2
Let f(b) = -b**3 + 50*b**2 - 141*b + 85. Give f(47).
85
Let p(n) = 20*n + 293. Determine p(8).
453
Let g(n) = -40*n**2 - 37*n + 105. What is g(3)?
-366
Let n(b) = b**2 - 32*b - 293. Determine n(39).
-20
Let m(o) = -o**2 - 4538*o - 81359. Determine m(-18).
1
Let y(d) = -6*d**2 + 241*d - 56. What is y(40)?
-16
Let s(v) = 392*v + 54089. What is s(-138)?
-7
Let q(c) = c**3 + 29*c**2 + 31*c - 48. Give q(-28).
-132
Let p(v) = v**2 + 610*v - 1. Calculate p(0).
-1
Let i(z) = z**3 + 38*z**2 + 295*z + 152. Calculate i(-10).
2
Let s(u) = 2*u**3 + u**2 - 6*u + 8. Calculate s(-5).
-187
Let v(c) = -c**3 + 7*c**2 + 8*c - 38. What is v(7)?
18
Let g(h) = 2*h**2 + 17*h - 134. Calculate g(-19).
265
Let o(r) = -532*r - 1065. Calculate o(-2).
-1
Let l(d) = 2*d**2 - 5*d + 25. Calculate l(-5).
100
Let a(m) = m**3 + 25*m**2 - 28*m - 55. Determine a(-26).
-3
Let r(z) = -12*z + 349. Give r(36).
-83
Let k(d) = 4034*d + 12076. Give k(-3).
-26
Let r(w) = w**2 - 24*w + 9. What is r(11)?
-134
Let n(g) = -g**3 - 19*g**2 + 67*g - 284. Calculate n(-23).
291
Let j(n) = -n**3 + 15*n**2 + 36*n - 30. Give j(17).
4
Let n(f) = 15*f**3 - 398*f**2 - 181*f - 222. Give n(27).
-6
Let q(b) = b**3 + 21*b**2 + 59*b + 27. Give q(-18).
-63
Let j(k) = -8*k**2 - 42*k - 41. Calculate j(-4).
-1
Let r(c) = -c**3 + 5*c**2 + 188*c - 764. Determine r(4).
4
Let g(j) = j**2 + 322*j - 1968. Determine g(6).
0
Let b(h) = h**3 - 13*h**2 - 26*h - 12. What is b(15)?
48
Let r(t) = -835*t - 5009. Give r(-6).
1
Let l(q) = -895*q + 3519. Determine l(4).
-61
Let j(k) = 4*k**2 - 826*k - 5553. Determine j(213).
-15
Let n(t) = -t**2 - 49*t - 600. What is n(-22)?
-6
Let r(u) = 69*u**2 - 14*u - 1. What is r(-1)?
82
Let y(l) = 2*l**2 + 45*l - 1452. What is y(18)?
6
Let o(q) = 55*q - 4. Give o(0).
-4
Let q(r) = -2210*r + 6628. What is q(3)?
-2
Let i(x) = 83*x**2 - 579*x - 14. Give i(7).
0
Let u(h) = -7*h**3 - 19*h**2 + 26*h + 15. Determine u(2).
-65
Let w(a) = 81*a - 6273. Determine w(78).
45
Let r(l) = -2*l**2 + 7*l - 7. What is r(0)?
-7
Let g(y) = -y + 192. Determine g(-19).
211
Let z(v) = v**3 - 25*v**2 + 67*v - 2. What is z(22)?
20
Let d(j) = 2*j**3 + 25*j**2 + j - 76. Give d(-12).
56
Let y(x) = -x**3 + 8*x**2 + 3*x - 122. Determine y(6).
-32
Let d(a) = -6*a - 110. Give d(-7).
-68
Let x(j) = 3181*j - 276743. What is x(87)?
4
Let u(i) = -13*i + 22. Give u(18).
-212
Let r(m) = 4*m**3 + 64*m**2 + 113*m + 45. What is r(-14)?
31
Let v(j) = -3*j**2 - 38*j + 773. Calculate v(-23).
60
Let k(i) = 5*i**2 + 5*i + 21. What is k(-4)?
81
Let f(c) = c**2 - 81*c + 1315. Give f(59).
17
Let b(z) = -z**2 - 1218*z + 2437. Give b(2).
-3
Let p(v) = v**2 + 28*v - 862. What is p(-48)?
98
Let b(a) = a**3 + 20*a**2 - 44*a - 58. Give b(-22).
-58
Let w(b) = b - 79. Give w(-11).
-90
Let o(y) = 6*y**2 + 1022*y + 322. What is o(-170)?
-18
Let k(t) = 8*t + 60. Determine k(-36).
-228
Let w(k) = 62*k - 2016. What is w(40)?
464
Let f(p) = 3*p**3 - 2*p**2 - 2*p. Give f(2).
12
Let o(y) = 572*y - 60064. Determine o(105).
-4
Let g(i) = i**2 + 6*i - 83. What is g(-14)?
29
Let h(d) = d**3 + 6*d**2 + 13*d + 6. Determine h(-4).
-14
Let z(m) = m**2 - 13*m - 229. Calculate z(31).
329
Let s(k) = 18*k - 1375. Give s(76).
-7
Let y(g) = -1079*g - 8619. Calculate y(-8).
13
Let k(o) = 10*o**2 - 44*o - 18. What is k(5)?
12
Let u(p) = -2*p**3 - 38*p**2 + 78*p - 41. What is u(1)?
-3
Let n(j) = 15*j + 14. Calculate n(1).
29
Let z(n) = -61*n - 1542. Give z(-25).
-17
Let s(q) = 2*q**2 - 1292*q - 10460. Determine s(-8).
4
Let c(m) = m**3 - 25*m**2 - 25. Give c(25).
-25
Let q(d) = 30*d - 2181. Give q(73).
9
Let q(p) = -p**3 - p**2 + 30*p + 2. Calculate q(-8).
210
Let k(p) = -129*p - 220. Give k(-7).
683
Let p(q) = -q**2 - 11*q + 6. Give p(0).
6
Let a(f) = f**2 + 229*f + 2090. What is a(-9)?
110
Let w(r) = -r**2 - 13*r - 66. What is w(-19)?
-180
Let q(n) = -n**2 + 124*n + 1207. Give q(-9).
10
Let f(g) = 8*g**2 - 607*g + 557. Determine f(75).